 10646045?
5
What is the tens digit of 33599?
9
What is the hundred thousands digit of 194260?
1
What is the thousands digit of 24013367?
3
What is the tens digit of 8910243?
4
What is the hundred thousands digit of 326080?
3
What is the thousands digit of 246770?
6
What is the tens digit of 1338528?
2
What is the units digit of 331443?
3
What is the hundred thousands digit of 406228?
4
What is the thousands digit of 458475?
8
What is the ten thousands digit of 479662?
7
What is the units digit of 274756?
6
What is the thousands digit of 846178?
6
What is the units digit of 10399726?
6
What is the ten thousands digit of 1700812?
0
What is the hundreds digit of 649617?
6
What is the hundreds digit of 38293?
2
What is the hundreds digit of 97321?
3
What is the units digit of 131456?
6
What is the hundreds digit of 9480486?
4
What is the tens digit of 4537328?
2
What is the units digit of 17118544?
4
What is the hundreds digit of 155476?
4
What is the millions digit of 9817670?
9
What is the hundred thousands digit of 1002296?
0
What is the tens digit of 5166213?
1
What is the units digit of 190181?
1
What is the hundred thousands digit of 170014?
1
What is the units digit of 2563272?
2
What is the hundreds digit of 144143?
1
What is the tens digit of 19838545?
4
What is the hundred thousands digit of 639545?
6
What is the thousands digit of 4033834?
3
What is the ten thousands digit of 1238907?
3
What is the ten thousands digit of 230438?
3
What is the ten thousands digit of 3997415?
9
What is the thousands digit of 10058612?
8
What is the ten thousands digit of 1554126?
5
What is the hundreds digit of 314889?
8
What is the hundred thousands digit of 238282?
2
What is the units digit of 5247032?
2
What is the units digit of 289431?
1
What is the hundred thousands digit of 4083600?
0
What is the hundreds digit of 701147?
1
What is the units digit of 209490?
0
What is the hundreds digit of 23982153?
1
What is the tens digit of 533496?
9
What is the thousands digit of 3956895?
6
What is the hundred thousands digit of 8521076?
5
What is the units digit of 2825999?
9
What is the thousands digit of 33089164?
9
What is the ten thousands digit of 16335?
1
What is the hundred thousands digit of 1884172?
8
What is the thousands digit of 4702458?
2
What is the hundred thousands digit of 4026449?
0
What is the units digit of 5113687?
7
What is the ten thousands digit of 12057429?
5
What is the hundreds digit of 15074203?
2
What is the hundreds digit of 62880?
8
What is the tens digit of 753280?
8
What is the thousands digit of 1149540?
9
What is the units digit of 1116461?
1
What is the hundreds digit of 1444604?
6
What is the tens digit of 6970406?
0
What is the hundreds digit of 14729470?
4
What is the units digit of 2717622?
2
What is the tens digit of 126969?
6
What is the units digit of 4360635?
5
What is the tens digit of 518530?
3
What is the tens digit of 8517967?
6
What is the ten millions digit of 12268347?
1
What is the tens digit of 115685?
8
What is the hundred thousands digit of 8289467?
2
What is the thousands digit of 441992?
1
What is the hundred thousands digit of 10515650?
5
What is the thousands digit of 318961?
8
What is the hundreds digit of 162534?
5
What is the thousands digit of 74698?
4
What is the units digit of 561262?
2
What is the units digit of 1379376?
6
What is the thousands digit of 16372105?
2
What is the tens digit of 2930000?
0
What is the ten thousands digit of 4166127?
6
What is the ten thousands digit of 1400041?
0
What is the tens digit of 40092?
9
What is the millions digit of 14578021?
4
What is the ten thousands digit of 119741?
1
What is the hundreds digit of 347202?
2
What is the thousands digit of 484846?
4
What is the hundreds digit of 4454485?
4
What is the units digit of 341850?
0
What is the ten thousands digit of 16540062?
4
What is the units digit of 25767573?
3
What is the tens digit of 3083711?
1
What is the hundred thousands digit of 3644481?
6
What is the ten thousands digit of 6604488?
0
What is the tens digit of 360769?
6
What is the units digit of 11370208?
8
What is the hundreds digit of 221351?
3
What is the hundred thousands digit of 4697913?
6
What is the hundred thousands digit of 25099510?
0
What is the hundred thousands digit of 386238?
3
What is the millions digit of 1093823?
1
What is the hundreds digit of 266488?
4
What is the units digit of 344817?
7
What is the ten thousands digit of 490723?
9
What is the hundred thousands digit of 1219036?
2
What is the tens digit of 24385321?
2
What is the units digit of 4297636?
6
What is the hundreds digit of 950?
9
What is the tens digit of 359648?
4
What is the tens digit of 86642?
4
What is the hundred thousands digit of 23652960?
6
What is the thousands digit of 7095632?
5
What is the millions digit of 2296968?
2
What is the hundreds digit of 626206?
2
What is the millions digit of 2748351?
2
What is the units digit of 11259600?
0
What is the thousands digit of 289202?
9
What is the units digit of 421918?
8
What is the tens digit of 364637?
3
What is the units digit of 237344?
4
What is the hundreds digit of 122036?
0
What is the units digit of 7600849?
9
What is the units digit of 1807302?
2
What is the hundred thousands digit of 452701?
4
What is the ten thousands digit of 1241599?
4
What is the tens digit of 2738900?
0
What is the tens digit of 16913661?
6
What is the millions digit of 14936336?
4
What is the tens digit of 8393412?
1
What is the millions digit of 15491020?
5
What is the hundreds digit of 212652?
6
What is the tens digit of 47339?
3
What is the units digit of 884900?
0
What is the tens digit of 7687491?
9
What is the units digit of 339939?
9
What is the ten thousands digit of 171239?
7
What is the ten thousands digit of 290757?
9
What is the hundred thousands digit of 1499766?
4
What is the thousands digit of 6637052?
7
What is the hundred thousands digit of 172696?
1
What is the ten thousands digit of 4748826?
4
What is the hundreds digit of 69513?
5
What is the millions digit of 2454511?
2
What is the hundreds digit of 3243136?
1
What is the millions digit of 14917302?
4
What is the tens digit of 1188648?
4
What is the units digit of 174988?
8
What is the tens digit of 7254038?
3
What is the ten millions digit of 18614726?
1
What is the ten millions digit of 13302714?
1
What is the tens digit of 8329?
2
What is the millions digit of 3146087?
3
What is the hundred thousands digit of 557361?
5
What is the ten thousands digit of 6605171?
0
What is the units digit of 25315408?
8
What is the thousands digit of 15953077?
3
What is the units digit of 433962?
2
What is the units digit of 304711?
1
What is the units digit of 3730733?
3
What is the tens digit of 1050754?
5
What is the units digit of 67016?
6
What is the tens digit of 19061608?
0
What is the hundred thousands digit of 2334125?
3
What is the thousands digit of 89307?
9
What is the ten thousands digit of 7131093?
3
What is the thousands digit of 1022073?
2
What is the thousands digit of 160701?
0
What is the units digit of 1962746?
6
What is the hundred thousands digit of 4794387?
7
What is the ten thousands digit of 1163849?
6
What is the units digit of 605401?
1
What is the tens digit of 14659038?
3
What is the ten thousands digit of 417885?
1
What is the units digit of 2713687?
7
What is the ten thousands digit of 6299693?
9
What is the units digit of 16765920?
0
What is the thousands digit of 199160?
9
What is the thousands digit of 337314?
7
What is the tens digit of 1841412?
1
What is the ten millions digit of 11313543?
1
What is the millions digit of 4850760?
4
What is the hundred thousands digit of 158852?
1
What is the hundred thousands digit of 25847731?
8
What is the hundreds digit of 10470200?
2
What is the ten thousands digit of 3317466?
1
What is the tens digit of 6105929?
2
What is the ten thousands digit of 5717329?
1
What is the units digit of 5651640?
0
What is the thousands digit of 1368007?
8
What is the tens digit of 137194?
9
What is the ten thousands digit of 54982?
5
What is the hundred thousands digit of 35884424?
8
What is the ten thousands digit of 9849246?
4
What is the thousands digit of 342401?
2
What is the thousands digit of 1964179?
